 of o and 4?
2
Let n(h) be the third derivative of -h**6/30 - h**4/12 - h**3/6 - h**2. Let f be n(-1). What is the highest common divisor of 25 and f?
5
Suppose -3*z = 4*n - 88, -n = -6*n - 25. Let o(w) = w**2 - 2*w - 4. Let j be o(4). What is the highest common divisor of j and z?
4
Suppose 4*q + y = 10 + 4, 0 = -2*q + 2*y + 2. What is the greatest common divisor of 24 and q?
3
Let u(r) = 15*r + 1. Let p be u(1). Suppose 5*k + 164 + 176 = 3*h, -2*h + 4*k = -228. Let s = h - 14. What is the greatest common divisor of p and s?
16
Let k(z) = 2*z**2 - 3*z + 5. Let n(p) = -5*p**2 + 5*p - 11. Let o(i) = 7*k(i) + 3*n(i). Let m be o(-5). Calculate the greatest common factor of 49 and m.
7
Suppose 0 = -2*w + 8 - 2, 22 = 2*c + 2*w. Let r(g) = g**3 - 11*g**2 + 18*g - 16. Let x be r(10). What is the highest common divisor of c and x?
8
Suppose 4*m - 3 = w - 11, 0 = -w - 2*m + 14. Let r(a) = a**2 - 5*a - 2. Let u be r(5). Let n be 24/(-2*u/w). What is the greatest common divisor of 9 and n?
9
Let x be (-4 - -19)*(2 - 0). What is the highest common divisor of x and 135?
15
Suppose 0 = 4*m - 0*m - 8. Suppose -l - 56 = -m*l. What is the greatest common factor of l and 7?
7
Suppose 13*u = 8*u + 50. Calculate the highest common divisor of 20 and u.
10
Let w(h) = 156*h - 2. Let q be w(1). Calculate the highest common factor of 14 and q.
14
Suppose 0 = 2*j + 2 - 4, 4*i - 4*j - 68 = 0. Let z = i - 0. What is the highest common divisor of 12 and z?
6
Suppose 14*m - 330 = -m. What is the greatest common divisor of 88 and m?
22
Let m = 293 - 183. Calculate the highest common divisor of 20 and m.
10
Suppose 2*x = -y - 2*y - 67, 0 = -4*y + 4*x - 76. Let s = y - -86. Suppose -2*k - 11 = -63. Calculate the greatest common factor of s and k.
13
Let s(d) = d**3 - 7*d**2 + 3. Let u be s(7). Suppose -u*m - 630 = -8*m. Let w be (-4)/(-5)*(-175)/(-10). Calculate the greatest common factor of w and m.
14
Let t(b) = b**3 + 6*b**2 + b - 2. Let m be t(-5). What is the greatest common factor of 2 and m?
2
Suppose 3*j - 8 = -x, -3*j - 3 = -3*x + 9. Calculate the greatest common divisor of x and 3.
1
Suppose 3*b - 2*b = 38. What is the greatest common factor of 19 and b?
19
Let d be (3/2)/((-2)/20). Let k be ((-3)/2)/(d/70). What is the highest common factor of 35 and k?
7
Let o(r) = -11*r**3 - 2*r - 2*r**2 + 12*r**3 + 2 - 1. Let l be o(4). Calculate the highest common divisor of l and 10.
5
Let d be 21/(-7) + 2*15. What is the greatest common factor of d and 18?
9
Suppose 2*j = 3*h - 26, -h + 5 + 22 = 3*j. Let v = -20 + 104. Calculate the highest common factor of h and v.
12
Let t be (0 - (2 + 3)) + 10. Calculate the greatest common factor of t and 65.
5
Let m(q) = -2 - 2*q**3 - 3*q + 3*q**3 - 3*q + 4*q**2. Let r be m(-5). What is the highest common divisor of r and 21?
3
Suppose 8 = -7*m + 71. Calculate the greatest common factor of 36 and m.
9
Let a be (-592)/(-14) - (-14)/(-49). Let s(j) = 8*j**2 + j + 1. Let h be s(-1). Let p = 6 + h. What is the greatest common factor of p and a?
14
Let p be -3*(-7)/(84/16). Suppose p*d - 4 = 3*d. What is the highest common factor of 10 and d?
2
Suppose -b = 3*b - 20. Suppose b*a - 113 = -3*z, 0 = -4*z + a - 5*a + 148. What is the highest common divisor of z and 6?
6
Let l = -43 - -74. Suppose 0 = -3*m - 4*b + l, -4*m = m + 5*b - 45. Let g be 148/m - (-8)/20. What is the highest common divisor of 75 and g?
15
Let x be (-2)/9 + 148/18. What is the highest common divisor of 32 and x?
8
Let g = -36 - -156. Suppose -4*n - 120 = -9*n. Calculate the highest common divisor of g and n.
24
Suppose 0 = -19*p + 24*p - 250. Let w be ((-10)/(-4))/(1/4). What is the greatest common factor of p and w?
10
Suppose 66 = 20*l - 17*l. Calculate the greatest common divisor of 11 and l.
11
Suppose 3*a + 2 - 194 = 0. What is the greatest common divisor of a and 8?
8
Let p be (1 - (-4)/(-6)) + (-550)/(-15). What is the greatest common divisor of 407 and p?
37
Suppose -3*k = -2 - 31. What is the highest common factor of 1 and k?
1
Let v = 29 - 19. Calculate the highest common divisor of v and 70.
10
Suppose 0 = -4*g + 2*u + 46, -5*g + 0 + 56 = -2*u. What is the highest common factor of g and 4?
2
Suppose 0*h = 3*h + 1434. Let t = 88 + h. Let q be t/(-12) + (-2)/(-4). What is the greatest common divisor of 22 and q?
11
Let a(m) = 5*m - 2. Let g be a(-5). Let q be ((-3)/(-2))/(g/(-288)). What is the greatest common divisor of 176 and q?
16
Suppose -43 = -5*j + s - 4*s, s + 31 = 4*j. What is the greatest common divisor of 56 and j?
8
Let k(s) = s**3 - 5*s**2 + 2. Suppose -13 - 7 = -4*z. Let u be k(z). Suppose -5*r + 1 + 9 = 4*m, u*m - 2 = -r. Calculate the highest common factor of r and 18.
2
Let x(c) = c**2 + 1. Let n be x(2). Suppose n*s + 158 = 3*f, 2*s = 3*s - 2. Suppose -4*b = -9*b + 70. What is the greatest common factor of f and b?
14
Suppose 2*r - 12 = 3*g, 7*g = -r + 3*g + 28. Let n = -95 + 233. Let h = n - 78. What is the highest common divisor of h and r?
12
Suppose u = 4*x - u - 156, -3*x - 5*u = -130. Calculate the highest common divisor of 40 and x.
40
Let p be ((-6)/(-5))/(2/10). Let a = p + 3. Let v(l) = -7*l + 9. Let u be v(-9). Calculate the greatest common factor of u and a.
9
Let k(w) = -w**2 - 12*w - 12. Let i be k(-10). Let b be (-258)/(-8) + (-1)/4. What is the highest common factor of i and b?
8
Let c(v) = -v**3 + 7*v**2 - 3*v + 5. Let j be c(5). What is the greatest common divisor of 5 and j?
5
Suppose 5 = k + 11. Let r(m) = m**3 + 6*m**2 - 5*m + 8. Let x be r(k). Let g = -13 - -32. What is the highest common divisor of x and g?
19
Suppose -8 + 44 = j. Calculate the greatest common factor of 90 and j.
18
Let b = 327 - 213. Suppose -3*c + b = -3*z + 6*z, 0 = 5*c + 3*z - 184. Let g(f) = 7*f**2 - f - 1. Let d be g(-1). What is the greatest common factor of c and d?
7
Let d(l) = -2*l + 8. Suppose -2*r - 18 = 4*m - 2, -5*r - 4 = m. Let g be d(r). What is the highest common divisor of 32 and g?
8
Let x(j) = j**3 + 7*j**2 + 3*j + 1. Let s be x(-5). What is the highest common divisor of s and 54?
18
Let u(n) = -447*n**3 + 2*n**2 - 1. Let c be u(-1). Let i = c - 288. Let t(k) = 2*k + 4. Let f be t(6). What is the greatest common divisor of f and i?
16
Let c(z) = z**3 + 7*z**2 - z - 4. Let t be c(-7). Suppose 2*h - 350 = -t*h. Let g be (0 + -1)/((-1)/7). What is the highest common factor of g and h?
7
Let g(l) = -l + 6. Let n be g(0). Let v(a) = -a - 3. Let u be v(-9). Suppose -u - n = -4*o. Calculate the highest common divisor of 1 and o.
1
Suppose -2*w = w - 45. Let l = w + 0. Let v(t) = t**3 + 4*t**2 - 3. Let h be v(-3). What is the highest common divisor of l and h?
3
Let d(w) = -3*w - 2. Let p be d(-2). What is the highest common divisor of p and 36?
4
Suppose -3 = 81*s - 82*s. Calculate the highest common factor of 24 and s.
3
Suppose -31 = -3*q - 6*i + i, -4*q - 3*i = -23. Suppose -40 = -4*g + q*g. What is the greatest common divisor of 50 and g?
10
Let a be ((-4)/(-1) - 1)*-135. Let z = a - -576. Suppose -7*w = -3*w - 76. What is the highest common factor of z and w?
19
Let k be 7 - 4 - 2/2. Suppose -k*b - 2*b = -12. Suppose 9 = b*q - 9. What is the highest common factor of 4 and q?
2
Suppose 2 - 37 = -5*b. Let i be (-2 + (-4)/(-2))*1. Suppose i = -8*m + 4*m + 84. Calculate the highest common factor of m and b.
7
Suppose -3*s = 3, 0*s - 5*s + 831 = 4*d. What is the highest common factor of d and 19?
19
Suppose -25 = -3*d + 119. What is the highest common divisor of 12 and d?
12
Suppose 5*t = -0*i + i - 47, 134 = 4*i - 2*t. Suppose 3*w + 6 = 0, 2*w + 86 = f - w. What is the highest common factor of f and i?
16
Suppose 5*t = 4*t + 24. Suppose -5*c + 11 = -3*c + 5*m, 35 = 4*c - 3*m. Calculate the greatest common divisor of t and c.
8
Let p(b) = -b**3 + 4*b**2 + 7*b - 4. Let z be p(5). Let o be 9/(-2)*(-24)/z. Calculate the greatest common divisor of 90 and o.
18
Suppose 4*h + 2*g - 1102 = -h, -g = -5*h + 1099. Suppose -7*z = -5*z - h. What is the greatest common divisor of z and 10?
10
Suppose 9*k - 47 = 52. Let v = -45 + 89. What is the highest common factor of v and k?
11
Suppose 77 = 3*d + 29. Calculate the greatest common divisor of 8 and d.
8
Let r(q) = -q**2 + 5*q + 2. Suppose 0 = 5*n - 28 + 3. Let b be r(n). Suppose -b*g = -11 + 1. Calcula